{"id":7575,"date":"2025-07-03T23:47:50","date_gmt":"2025-07-03T23:47:50","guid":{"rendered":"https:\/\/tartakimports.com\/?page_id=7575"},"modified":"2025-07-15T18:14:46","modified_gmt":"2025-07-15T18:14:46","slug":"productos","status":"publish","type":"page","link":"https:\/\/tartakimports.com\/index.php\/productos\/","title":{"rendered":"PRODUCTOS"},"content":{"rendered":"\t\t<div data-elementor-type=\"wp-page\" data-elementor-id=\"7575\" class=\"elementor elementor-7575\">\n\t\t\t\t<div class=\"elementor-element elementor-element-ad7d7fd e-grid e-con-boxed qodef-elementor-content-no e-con e-parent\" data-id=\"ad7d7fd\" data-element_type=\"container\">\n\t\t\t\t\t<div class=\"e-con-inner\">\n\t\t\t\t<div class=\"elementor-element elementor-element-ffc4007 e-transform e-transform elementor-widget elementor-widget-tobel_core_image_with_text\" data-id=\"ffc4007\" data-element_type=\"widget\" data-settings=\"{&quot;_transform_scale_effect_hover&quot;:{&quot;unit&quot;:&quot;px&quot;,&quot;size&quot;:0.9,&quot;sizes&quot;:[]},&quot;_transform_scale_effect&quot;:{&quot;unit&quot;:&quot;px&quot;,&quot;size&quot;:&quot;&quot;,&quot;sizes&quot;:[]},&quot;_transform_scale_effect_tablet&quot;:{&quot;unit&quot;:&quot;px&quot;,&quot;size&quot;:&quot;&quot;,&quot;sizes&quot;:[]},&quot;_transform_scale_effect_mobile&quot;:{&quot;unit&quot;:&quot;px&quot;,&quot;size&quot;:&quot;&quot;,&quot;sizes&quot;:[]},&quot;_transform_scale_effect_hover_tablet&quot;:{&quot;unit&quot;:&quot;px&quot;,&quot;size&quot;:&quot;&quot;,&quot;sizes&quot;:[]},&quot;_transform_scale_effect_hover_mobile&quot;:{&quot;unit&quot;:&quot;px&quot;,&quot;size&quot;:&quot;&quot;,&quot;sizes&quot;:[]}}\" data-widget_type=\"tobel_core_image_with_text.default\">\n\t\t\t\t<div class=\"elementor-widget-container\">\n\t\t\t\t\t<div class=\"qodef-shortcode qodef-m qodef-image-with-text qodef-alignment--center qodef-layout--text-below qodef-image-action--custom-link\">\n\t<div class=\"qodef-m-image-inner-holder\">\n\t<div class=\"qodef-m-image\">\n\t\t\t<a itemprop=\"url\" href=\"https:\/\/tartakimports.com\/index.php\/victoriano\/\" target=\"_self\">\n\t\t\t<img fetchpriority=\"high\" decoding=\"async\" width=\"920\" height=\"650\" src=\"https:\/\/tartakimports.com\/wp-content\/uploads\/2025\/07\/victoriano_1.jpg\" class=\"attachment-full size-full\" alt=\"Muebles estilo victoriano\" srcset=\"https:\/\/tartakimports.com\/wp-content\/uploads\/2025\/07\/victoriano_1.jpg 920w, https:\/\/tartakimports.com\/wp-content\/uploads\/2025\/07\/victoriano_1-300x212.jpg 300w, https:\/\/tartakimports.com\/wp-content\/uploads\/2025\/07\/victoriano_1-768x543.jpg 768w, https:\/\/tartakimports.com\/wp-content\/uploads\/2025\/07\/victoriano_1-600x424.jpg 600w\" sizes=\"(max-width: 920px) 100vw, 920px\" \/>\t\t\t<\/a>\n\t<\/div>\n\t\t\t<\/div>\n\t<div class=\"qodef-m-content\">\n\t\t\t<h4 class=\"qodef-m-title\" >\n\t\t\t\t\t<a itemprop=\"url\" href=\"https:\/\/tartakimports.com\/index.php\/victoriano\/\" target=\"_self\">\n\t\t\t\t\tVictorianos\t\t\t\t\t<\/a>\n\t\t\t<\/h4>\n\t\t\t<\/div>\n<\/div>\n\t\t\t\t<\/div>\n\t\t\t\t<\/div>\n\t\t\t\t<div class=\"elementor-element elementor-element-4a6896a e-transform e-transform elementor-widget elementor-widget-tobel_core_image_with_text\" data-id=\"4a6896a\" data-element_type=\"widget\" data-settings=\"{&quot;_transform_scale_effect_hover&quot;:{&quot;unit&quot;:&quot;px&quot;,&quot;size&quot;:0.9,&quot;sizes&quot;:[]},&quot;_transform_scale_effect&quot;:{&quot;unit&quot;:&quot;px&quot;,&quot;size&quot;:&quot;&quot;,&quot;sizes&quot;:[]},&quot;_transform_scale_effect_tablet&quot;:{&quot;unit&quot;:&quot;px&quot;,&quot;size&quot;:&quot;&quot;,&quot;sizes&quot;:[]},&quot;_transform_scale_effect_mobile&quot;:{&quot;unit&quot;:&quot;px&quot;,&quot;size&quot;:&quot;&quot;,&quot;sizes&quot;:[]},&quot;_transform_scale_effect_hover_tablet&quot;:{&quot;unit&quot;:&quot;px&quot;,&quot;size&quot;:&quot;&quot;,&quot;sizes&quot;:[]},&quot;_transform_scale_effect_hover_mobile&quot;:{&quot;unit&quot;:&quot;px&quot;,&quot;size&quot;:&quot;&quot;,&quot;sizes&quot;:[]}}\" data-widget_type=\"tobel_core_image_with_text.default\">\n\t\t\t\t<div class=\"elementor-widget-container\">\n\t\t\t\t\t<div class=\"qodef-shortcode qodef-m qodef-image-with-text qodef-alignment--center qodef-layout--text-below qodef-image-action--custom-link\">\n\t<div class=\"qodef-m-image-inner-holder\">\n\t<div class=\"qodef-m-image\">\n\t\t\t<a itemprop=\"url\" href=\"https:\/\/tartakimports.com\/index.php\/rustico\/\" target=\"_self\">\n\t\t\t<img decoding=\"async\" width=\"920\" height=\"650\" src=\"https:\/\/tartakimports.com\/wp-content\/uploads\/2025\/07\/rustico_1.jpg\" class=\"attachment-full size-full\" alt=\"Muebles estilo R\u00fastico\" srcset=\"https:\/\/tartakimports.com\/wp-content\/uploads\/2025\/07\/rustico_1.jpg 920w, https:\/\/tartakimports.com\/wp-content\/uploads\/2025\/07\/rustico_1-300x212.jpg 300w, https:\/\/tartakimports.com\/wp-content\/uploads\/2025\/07\/rustico_1-768x543.jpg 768w, https:\/\/tartakimports.com\/wp-content\/uploads\/2025\/07\/rustico_1-600x424.jpg 600w\" sizes=\"(max-width: 920px) 100vw, 920px\" \/>\t\t\t<\/a>\n\t<\/div>\n\t\t\t<\/div>\n\t<div class=\"qodef-m-content\">\n\t\t\t<h4 class=\"qodef-m-title\" >\n\t\t\t\t\t<a itemprop=\"url\" href=\"https:\/\/tartakimports.com\/index.php\/rustico\/\" target=\"_self\">\n\t\t\t\t\tR\u00fasticos\t\t\t\t\t<\/a>\n\t\t\t<\/h4>\n\t\t\t<\/div>\n<\/div>\n\t\t\t\t<\/div>\n\t\t\t\t<\/div>\n\t\t\t\t<div class=\"elementor-element elementor-element-367e1e7 e-transform e-transform elementor-widget elementor-widget-tobel_core_image_with_text\" data-id=\"367e1e7\" data-element_type=\"widget\" data-settings=\"{&quot;_transform_scale_effect_hover&quot;:{&quot;unit&quot;:&quot;px&quot;,&quot;size&quot;:0.9,&quot;sizes&quot;:[]},&quot;_transform_scale_effect&quot;:{&quot;unit&quot;:&quot;px&quot;,&quot;size&quot;:&quot;&quot;,&quot;sizes&quot;:[]},&quot;_transform_scale_effect_tablet&quot;:{&quot;unit&quot;:&quot;px&quot;,&quot;size&quot;:&quot;&quot;,&quot;sizes&quot;:[]},&quot;_transform_scale_effect_mobile&quot;:{&quot;unit&quot;:&quot;px&quot;,&quot;size&quot;:&quot;&quot;,&quot;sizes&quot;:[]},&quot;_transform_scale_effect_hover_tablet&quot;:{&quot;unit&quot;:&quot;px&quot;,&quot;size&quot;:&quot;&quot;,&quot;sizes&quot;:[]},&quot;_transform_scale_effect_hover_mobile&quot;:{&quot;unit&quot;:&quot;px&quot;,&quot;size&quot;:&quot;&quot;,&quot;sizes&quot;:[]}}\" data-widget_type=\"tobel_core_image_with_text.default\">\n\t\t\t\t<div class=\"elementor-widget-container\">\n\t\t\t\t\t<div class=\"qodef-shortcode qodef-m qodef-image-with-text qodef-alignment--center qodef-layout--text-below qodef-image-action--custom-link\">\n\t<div class=\"qodef-m-image-inner-holder\">\n\t<div class=\"qodef-m-image\">\n\t\t\t<a itemprop=\"url\" href=\"https:\/\/tartakimports.com\/index.php\/ratan-y-mimbre\/\" target=\"_self\">\n\t\t\t<img decoding=\"async\" width=\"920\" height=\"650\" src=\"https:\/\/tartakimports.com\/wp-content\/uploads\/2025\/07\/ratan_mimbre_1.jpg\" class=\"attachment-full size-full\" alt=\"Muebles de Rat\u00e1n y Mimbre\" srcset=\"https:\/\/tartakimports.com\/wp-content\/uploads\/2025\/07\/ratan_mimbre_1.jpg 920w, https:\/\/tartakimports.com\/wp-content\/uploads\/2025\/07\/ratan_mimbre_1-300x212.jpg 300w, https:\/\/tartakimports.com\/wp-content\/uploads\/2025\/07\/ratan_mimbre_1-768x543.jpg 768w, https:\/\/tartakimports.com\/wp-content\/uploads\/2025\/07\/ratan_mimbre_1-600x424.jpg 600w\" sizes=\"(max-width: 920px) 100vw, 920px\" \/>\t\t\t<\/a>\n\t<\/div>\n\t\t\t<\/div>\n\t<div class=\"qodef-m-content\">\n\t\t\t<h4 class=\"qodef-m-title\" >\n\t\t\t\t\t<a itemprop=\"url\" href=\"https:\/\/tartakimports.com\/index.php\/ratan-y-mimbre\/\" target=\"_self\">\n\t\t\t\t\tRat\u00e1n y Mimbre\t\t\t\t\t<\/a>\n\t\t\t<\/h4>\n\t\t\t<\/div>\n<\/div>\n\t\t\t\t<\/div>\n\t\t\t\t<\/div>\n\t\t\t\t<div class=\"elementor-element elementor-element-a0fbd78 e-transform e-transform elementor-widget elementor-widget-tobel_core_image_with_text\" data-id=\"a0fbd78\" data-element_type=\"widget\" data-settings=\"{&quot;_transform_scale_effect_hover&quot;:{&quot;unit&quot;:&quot;px&quot;,&quot;size&quot;:0.9,&quot;sizes&quot;:[]},&quot;_transform_scale_effect&quot;:{&quot;unit&quot;:&quot;px&quot;,&quot;size&quot;:&quot;&quot;,&quot;sizes&quot;:[]},&quot;_transform_scale_effect_tablet&quot;:{&quot;unit&quot;:&quot;px&quot;,&quot;size&quot;:&quot;&quot;,&quot;sizes&quot;:[]},&quot;_transform_scale_effect_mobile&quot;:{&quot;unit&quot;:&quot;px&quot;,&quot;size&quot;:&quot;&quot;,&quot;sizes&quot;:[]},&quot;_transform_scale_effect_hover_tablet&quot;:{&quot;unit&quot;:&quot;px&quot;,&quot;size&quot;:&quot;&quot;,&quot;sizes&quot;:[]},&quot;_transform_scale_effect_hover_mobile&quot;:{&quot;unit&quot;:&quot;px&quot;,&quot;size&quot;:&quot;&quot;,&quot;sizes&quot;:[]}}\" data-widget_type=\"tobel_core_image_with_text.default\">\n\t\t\t\t<div class=\"elementor-widget-container\">\n\t\t\t\t\t<div class=\"qodef-shortcode qodef-m qodef-image-with-text qodef-alignment--center qodef-layout--text-below qodef-image-action--custom-link\">\n\t<div class=\"qodef-m-image-inner-holder\">\n\t<div class=\"qodef-m-image\">\n\t\t\t<a itemprop=\"url\" href=\"https:\/\/tartakimports.com\/index.php\/modernos\/\" target=\"_self\">\n\t\t\t<img loading=\"lazy\" decoding=\"async\" width=\"920\" height=\"650\" src=\"https:\/\/tartakimports.com\/wp-content\/uploads\/2025\/07\/modernos_1.jpg\" class=\"attachment-full size-full\" alt=\"Muebles estilo Moderno\" srcset=\"https:\/\/tartakimports.com\/wp-content\/uploads\/2025\/07\/modernos_1.jpg 920w, https:\/\/tartakimports.com\/wp-content\/uploads\/2025\/07\/modernos_1-300x212.jpg 300w, https:\/\/tartakimports.com\/wp-content\/uploads\/2025\/07\/modernos_1-768x543.jpg 768w, https:\/\/tartakimports.com\/wp-content\/uploads\/2025\/07\/modernos_1-600x424.jpg 600w\" sizes=\"(max-width: 920px) 100vw, 920px\" \/>\t\t\t<\/a>\n\t<\/div>\n\t\t\t<\/div>\n\t<div class=\"qodef-m-content\">\n\t\t\t<h4 class=\"qodef-m-title\" >\n\t\t\t\t\t<a itemprop=\"url\" href=\"https:\/\/tartakimports.com\/index.php\/modernos\/\" target=\"_self\">\n\t\t\t\t\tModernos\t\t\t\t\t<\/a>\n\t\t\t<\/h4>\n\t\t\t<\/div>\n<\/div>\n\t\t\t\t<\/div>\n\t\t\t\t<\/div>\n\t\t\t\t<div class=\"elementor-element elementor-element-8a99b0f e-transform e-transform elementor-widget elementor-widget-tobel_core_image_with_text\" data-id=\"8a99b0f\" data-element_type=\"widget\" data-settings=\"{&quot;_transform_scale_effect_hover&quot;:{&quot;unit&quot;:&quot;px&quot;,&quot;size&quot;:0.9,&quot;sizes&quot;:[]},&quot;_transform_scale_effect&quot;:{&quot;unit&quot;:&quot;px&quot;,&quot;size&quot;:&quot;&quot;,&quot;sizes&quot;:[]},&quot;_transform_scale_effect_tablet&quot;:{&quot;unit&quot;:&quot;px&quot;,&quot;size&quot;:&quot;&quot;,&quot;sizes&quot;:[]},&quot;_transform_scale_effect_mobile&quot;:{&quot;unit&quot;:&quot;px&quot;,&quot;size&quot;:&quot;&quot;,&quot;sizes&quot;:[]},&quot;_transform_scale_effect_hover_tablet&quot;:{&quot;unit&quot;:&quot;px&quot;,&quot;size&quot;:&quot;&quot;,&quot;sizes&quot;:[]},&quot;_transform_scale_effect_hover_mobile&quot;:{&quot;unit&quot;:&quot;px&quot;,&quot;size&quot;:&quot;&quot;,&quot;sizes&quot;:[]}}\" data-widget_type=\"tobel_core_image_with_text.default\">\n\t\t\t\t<div class=\"elementor-widget-container\">\n\t\t\t\t\t<div class=\"qodef-shortcode qodef-m qodef-image-with-text qodef-alignment--center qodef-layout--text-below qodef-image-action--custom-link\">\n\t<div class=\"qodef-m-image-inner-holder\">\n\t<div class=\"qodef-m-image\">\n\t\t\t<a itemprop=\"url\" href=\"https:\/\/tartakimports.com\/index.php\/exoticos\/\" target=\"_self\">\n\t\t\t<img loading=\"lazy\" decoding=\"async\" width=\"920\" height=\"650\" src=\"https:\/\/tartakimports.com\/wp-content\/uploads\/2025\/07\/modernos1.jpg\" class=\"attachment-full size-full\" alt=\"Dise\u00f1os Ex\u00f3ticos\" srcset=\"https:\/\/tartakimports.com\/wp-content\/uploads\/2025\/07\/modernos1.jpg 920w, https:\/\/tartakimports.com\/wp-content\/uploads\/2025\/07\/modernos1-300x212.jpg 300w, https:\/\/tartakimports.com\/wp-content\/uploads\/2025\/07\/modernos1-768x543.jpg 768w, https:\/\/tartakimports.com\/wp-content\/uploads\/2025\/07\/modernos1-600x424.jpg 600w\" sizes=\"(max-width: 920px) 100vw, 920px\" \/>\t\t\t<\/a>\n\t<\/div>\n\t\t\t<\/div>\n\t<div class=\"qodef-m-content\">\n\t\t\t<h4 class=\"qodef-m-title\" >\n\t\t\t\t\t<a itemprop=\"url\" href=\"https:\/\/tartakimports.com\/index.php\/exoticos\/\" target=\"_self\">\n\t\t\t\t\tEx\u00f3ticos\t\t\t\t\t<\/a>\n\t\t\t<\/h4>\n\t\t\t<\/div>\n<\/div>\n\t\t\t\t<\/div>\n\t\t\t\t<\/div>\n\t\t\t\t\t<\/div>\n\t\t\t\t<\/div>\n\t\t\t\t<\/div>\n\t\t","protected":false},"excerpt":{"rendered":"<p>Victorianos R\u00fasticos Rat\u00e1n y Mimbre Modernos Ex\u00f3ticos<\/p>\n","protected":false},"author":1,"featured_media":0,"parent":0,"menu_order":0,"comment_status":"closed","ping_status":"closed","template":"","meta":{"inline_featured_image":false,"footnotes":""},"class_list":["post-7575","page","type-page","status-publish","hentry"],"_links":{"self":[{"href":"https:\/\/tartakimports.com\/index.php\/wp-json\/wp\/v2\/pages\/7575","targetHints":{"allow":["GET"]}}],"collection":[{"href":"https:\/\/tartakimports.com\/index.php\/wp-json\/wp\/v2\/pages"}],"about":[{"href":"https:\/\/tartakimports.com\/index.php\/wp-json\/wp\/v2\/types\/page"}],"author":[{"embeddable":true,"href":"https:\/\/tartakimports.com\/index.php\/wp-json\/wp\/v2\/users\/1"}],"replies":[{"embeddable":true,"href":"https:\/\/tartakimports.com\/index.php\/wp-json\/wp\/v2\/comments?post=7575"}],"version-history":[{"count":22,"href":"https:\/\/tartakimports.com\/index.php\/wp-json\/wp\/v2\/pages\/7575\/revisions"}],"predecessor-version":[{"id":7756,"href":"https:\/\/tartakimports.com\/index.php\/wp-json\/wp\/v2\/pages\/7575\/revisions\/7756"}],"wp:attachment":[{"href":"https:\/\/tartakimports.com\/index.php\/wp-json\/wp\/v2\/media?parent=7575"}],"curies":[{"name":"wp","href":"https:\/\/api.w.org\/{rel}","templated":true}]}}